9636?
True
Does 565 divide 1018369?
False
Is 147864 a multiple of 101?
True
Is 64 a factor of 699497?
False
Is 3329085 a multiple of 19?
True
Is 647773 a multiple of 894?
False
Is 3628249 a multiple of 31?
False
Is 423 a factor of 12425202?
True
Is 238536 a multiple of 813?
False
Is 11165673 a multiple of 57?
True
Is 681380 a multiple of 35?
True
Does 80 divide 3040080?
True
Is 17 a factor of 245567?
False
Is 1121374 a multiple of 30?
False
Is 7 a factor of 19824?
True
Does 10 divide 256992?
False
Is 125 a factor of 3216741?
False
Is 489 a factor of 1338393?
True
Does 675 divide 776250?
True
Is 190 a factor of 407930?
True
Is 377760 a multiple of 120?
True
Is 801370 a multiple of 635?
True
Does 117 divide 78624?
True
Is 8 a factor of 189344?
True
Is 166266 a multiple of 54?
True
Does 103 divide 4605748?
True
Is 15 a factor of 203550?
True
Does 13 divide 223224?
False
Does 372 divide 1536096?
False
Is 839219 a multiple of 356?
False
Does 8 divide 145668?
False
Is 1792473 a multiple of 10?
False
Is 67862 a multiple of 58?
False
Is 133332 a multiple of 6?
True
Does 15 divide 19987822?
False
Is 5 a factor of 19915?
True
Is 208921 a multiple of 63?
False
Is 5 a factor of 259755?
True
Is 49 a factor of 181968?
False
Is 5 a factor of 845?
True
Is 396 a factor of 511236?
True
Does 10 divide 1102477?
False
Is 21 a factor of 14819490?
True
Is 209100 a multiple of 50?
True
Does 7 divide 6976403?
True
Does 30 divide 232440?
True
Is 13769 a multiple of 49?
True
Is 29 a factor of 76502?
True
Is 205294 a multiple of 20?
False
Is 638285 a multiple of 130?
False
Is 3444420 a multiple of 140?
True
Is 80 a factor of 29600?
True
Is 145430 a multiple of 10?
True
Is 63602 a multiple of 14?
True
Is 4206820 a multiple of 34?
True
Does 14 divide 141813?
False
Is 1058250 a multiple of 25?
True
Does 19 divide 444771?
True
Is 6130200 a multiple of 200?
True
Is 486899 a multiple of 74?
False
Is 413490 a multiple of 33?
True
Does 51 divide 2868125?
False
Is 53 a factor of 29979?
False
Is 443445 a multiple of 15?
True
Does 78 divide 1175538?
True
Is 34965 a multiple of 9?
True
Is 143 a factor of 210843?
False
Is 718 a factor of 3560562?
True
Is 1276 a factor of 2772207?
False
Is 447120 a multiple of 48?
True
Is 2879728 a multiple of 1103?
False
Is 13250 a multiple of 106?
True
Is 206 a factor of 131490?
False
Is 125171 a multiple of 5?
False
Is 107 a factor of 132624?
False
Is 1994 a factor of 4988988?
True
Is 34 a factor of 16252478?
False
Is 405 a factor of 6769575?
True
Is 114 a factor of 10633578?
True
Is 639286 even?
True
Is 5 a factor of 254802?
False
Is 4 a factor of 5552?
True
Is 232 a factor of 1972928?
True
Is 132 a factor of 471768?
True
Does 899 divide 544063?
False
Is 1399739 a multiple of 17?
False
Does 11 divide 125895?
True
Is 17 a factor of 40488?
False
Is 1327910 a multiple of 279?
False
Is 421386 a multiple of 6?
True
Is 172 a factor of 4399760?
True
Is 58 a factor of 334033?
False
Does 9 divide 4527?
True
Is 203737 a multiple of 22?
False
Is 226 a factor of 107499?
False
Is 408175 a multiple of 205?
False
Is 23 a factor of 2574200?
False
Is 31302045 a multiple of 15?
True
Is 2721413 a multiple of 376?
False
Does 56 divide 50875?
False
Is 49 a factor of 4098556?
True
Is 116 a factor of 2392732?
True
Does 44 divide 137060?
True
Is 126 a factor of 47121?
False
Is 205 a factor of 19089?
False
Is 14 a factor of 3025?
False
Is 841149 a multiple of 326?
False
Is 25196 a multiple of 44?
False
Does 1069 divide 15102198?
False
Is 25 a factor of 1439161?
False
Does 19 divide 330714?
True
Is 89675 a multiple of 2?
False
Is 1043785 a multiple of 107?
True
Is 23 a factor of 186553?
True
Does 54 divide 99846?
True
Does 1553 divide 7929237?
False
Is 3793051 a multiple of 10?
False
Is 1607 a factor of 3083833?
True
Is 48 a factor of 940211?
False
Is 477360 a multiple of 39?
True
Is 59 a factor of 222534?
False
Is 56 a factor of 2163515?
False
Is 9329580 a multiple of 780?
True
Is 8660 a multiple of 64?
False
Does 6 divide 172896?
True
Is 52692 a multiple of 57?
False
Is 50 a factor of 243800?
True
Is 26 a factor of 1241214?
True
Is 427 a factor of 3762724?
True
Is 21 a factor of 234105?
False
Is 330414 a multiple of 14?
True
Is 1263021 a multiple of 27?
False
Is 3827270 a multiple of 25?
False
Is 31 a factor of 1353925?
True
Does 88 divide 56929?
False
Is 47 a factor of 1133781?
True
Does 545 divide 148950?
False
Does 366 divide 3516195?
False
Does 38 divide 1420908?
False
Is 2330495 a multiple of 86?
False
Does 31 divide 693934?
False
Is 3412480 a multiple of 688?
True
Is 188 a factor of 744444?
False
Is 7 a factor of 32515?
True
Is 2392808 a multiple of 14?
False
Is 173296 a multiple of 21?
False
Does 18 divide 5467770?
True
Is 309296 a multiple of 14?
False
Is 245350 a multiple of 70?
True
Is 18 a factor of 501534?
True
Is 497751 a multiple of 64?
False
Does 262 divide 496752?
True
Does 49 divide 1517156?
False
Is 153162 a multiple of 67?
True
Does 405 divide 2570535?
True
Is 316 a factor of 2172827?
False
Does 481 divide 929773?
True
Does 28 divide 327978?
False
Does 62 divide 94116?
True
Is 32 a factor of 4096?
True
Is 520212 a multiple of 132?
True
Is 36 a factor of 121068?
True
Does 52 divide 116499?
False
Is 1200480 a multiple of 984?
True
Does 54 divide 880257?
False
Is 16 a factor of 538948?
False
Does 11 divide 366476?
True
Is 245745 a multiple of 34?
False
Is 1448730 a multiple of 16?
False
Does 118 divide 2478?
True
Does 11 divide 174492?
False
Does 110 divide 222750?
True
Does 67 divide 1503480?
True
Does 10 divide 1690380?
True
Is 642245 a multiple of 409?
False
Is 527 a factor of 604469?
True
Is 38656 a multiple of 61?
False
Is 1103170 a multiple of 107?
True
Is 77 a factor of 13397419?
False
Is 568156 a multiple of 42?
False
Is 86 a factor of 1947814?
True
Is 177 a factor of 130980?
True
Is 296582 a multiple of 197?
False
Does 76 divide 586113?
False
Is 1075140 a multiple of 594?
True
Is 550791 a multiple of 7?
False
Does 23 divide 3877?
False
Does 1077 divide 12686769?
False
Is 389670 a multiple of 6?
True
Is 137 a factor of 121267?
False
Does 91 divide 221536?
False
Is 142395 a multiple of 165?
True
Is 102228 a multiple of 389?
False
Does 18 divide 177536?
False
Is 69336 a multiple of 18?
True
Does 27 divide 257439?
False
Does 96 divide 26383?
False
Is 31428 a multiple of 291?
True
Does 39 divide 1555281?
True
Is 5 a factor of 5674089?
False
Is 79424 a multiple of 433?
False
Is 25 a factor of 751300?
True
Is 104 a factor of 2394912?
True
Does 30 divide 116460?
True
Is 38781 a multiple of 3?
True
Is 8246 a multiple of 434?
True
Is 426 a factor of 4714116?
True
Does 297 divide 748056?
False
Is 57969 a multiple of 113?
True
Is 62617 even?
False
Does 8 divide 19103?
False
Is 30 a factor of 57840?
True
Does 110 divide 607459?
False
Does 4 divide 775541?
False
Is 39 a factor of 310908?
True
Does 15 divide 3468728?
False
Is 12 a factor of 21807749?
False
Is 37756155 a multiple of 15?
True
Does 64 divide 78354?
False
Is 6352943 a multiple of 34?
False
Is 1081091 a multiple of 183?
False
Is 14 a factor of 619388?
True
Is 5265897 a multiple of 13?
True
Is 3 a factor of 24283?
False
Is 14 a factor of 881153?
False
Is 28 a factor of 2063861?
False
Does 44 divide 46024?
True
Is 11 a factor of 1075822?
True
Is 3978 a multiple of 11?
False
Does 13 divide 8376917?
False
Does 72 divide 1514524?
False
Is 11 a factor of 77016?
False
Does 52 divide 7548372?
True
Is 158352 a multiple of 8?
True
Is 2 a factor of 286517?
False
Is 55885 a multiple of 4?
False
Is 111 a factor of 16338534?
True
Is 11 a factor of 1755411?
False
Does 495 divide 40218070?
False
Is 9 a factor of 1066501?
False
Does 17 divide 13975?
False
Is 15675940 a multiple of 697?
False
Is 23 a factor of 118189?
False
Is 276995 a multiple of 34?
False
Is 443118 a multiple of 437?
True
Does 77 divide 15078140?
True
Is 4236700 a multiple of 585?
False
Is 450100 a multiple of 105?
False
Is 18 a factor of 883993?
False
Is 196 a factor of 258051?
False
Is 2380963 a multiple of 43?
False
Is 20501 a multiple of 2?
False
Is 19 a factor of 8963934?
True
Is 1097021 a multiple of 3?
False
Is 110 a factor of 129722?
False
Does 13 divide 11468807?
False
Is 147 a factor of 11717?
False
Is 282 a factor of 842898?
True
Is